 1224467.
29, 42223
What are the prime factors of 2590346892?
2, 3, 7, 73, 422431
What are the prime factors of 270460218?
2, 3, 7, 1571, 4099
List the prime factors of 319135188.
2, 3, 26594599
List the prime factors of 40664269.
653, 62273
List the prime factors of 4377403318.
2, 29, 811, 3209
List the prime factors of 1631960622.
2, 3, 653, 15427
What are the prime factors of 24871673?
43, 67, 89, 97
List the prime factors of 3927739380.
2, 3, 5, 79, 828637
List the prime factors of 123253471.
11, 11204861
List the prime factors of 1475931461.
919, 1049, 1531
What are the prime factors of 298550000?
2, 5, 7, 853
List the prime factors of 5116279250.
2, 5, 20465117
What are the prime factors of 1539715493?
233, 6608221
List the prime factors of 31268113.
47, 665279
What are the prime factors of 35935529?
7, 1373, 3739
What are the prime factors of 35508734?
2, 23, 233, 3313
What are the prime factors of 206458240?
2, 5, 322591
What are the prime factors of 63124125?
3, 5, 168331
What are the prime factors of 20266211?
7, 113, 25621
What are the prime factors of 8820641?
1361, 6481
What are the prime factors of 1237891691?
53, 23356447
List the prime factors of 86237519.
53, 1627123
What are the prime factors of 1420542095?
5, 7, 83, 69857
What are the prime factors of 563000261?
563000261
List the prime factors of 60221376.
2, 3, 104551
What are the prime factors of 169928342?
2, 29, 359, 8161
What are the prime factors of 54442072?
2, 1823, 3733
What are the prime factors of 756860142?
2, 3, 59, 71, 30113
List the prime factors of 305585544.
2, 3, 11, 23, 59, 853
What are the prime factors of 2851667659?
8011, 355969
List the prime factors of 686051349.
3, 6101, 37483
What are the prime factors of 1297566823?
7, 67, 2766667
List the prime factors of 1459327209.
3, 17, 28614259
What are the prime factors of 1651123279?
13, 5197, 24439
List the prime factors of 527174614.
2, 263587307
List the prime factors of 94658080.
2, 5, 11, 53783
What are the prime factors of 1860624534?
2, 3, 17, 43, 263, 1613
What are the prime factors of 98690379?
3, 73, 450641
List the prime factors of 858782698.
2, 429391349
What are the prime factors of 12184470?
2, 3, 5, 37, 3659
List the prime factors of 1064117709.
3, 587, 67141
List the prime factors of 42087682.
2, 7, 13, 17, 61, 223
List the prime factors of 184361318.
2, 92180659
What are the prime factors of 81778651?
31, 1039, 2539
What are the prime factors of 756507969?
3, 7, 12008063
What are the prime factors of 703711303?
19, 29, 109, 11717
What are the prime factors of 78851213?
7, 11264459
What are the prime factors of 290139568?
2, 1693, 10711
List the prime factors of 90127840.
2, 5, 11, 41, 1249
List the prime factors of 20344531.
101, 157, 1283
List the prime factors of 151245507.
3, 7, 146983
List the prime factors of 18848867.
53, 71, 5009
List the prime factors of 267102473.
11, 23, 1055741
What are the prime factors of 89125882?
2, 41, 1086901
List the prime factors of 30665204.
2, 2389, 3209
List the prime factors of 579424054.
2, 11, 41, 43, 14939
List the prime factors of 176022651.
3, 7, 1197433
What are the prime factors of 709800325?
5, 13, 2184001
What are the prime factors of 30955215?
3, 5, 17, 233, 521
What are the prime factors of 193702615?
5, 38740523
List the prime factors of 596009268.
2, 3, 59, 280607
List the prime factors of 2127186932.
2, 13, 457, 89513
What are the prime factors of 133149094?
2, 13, 5121119
What are the prime factors of 369961517?
1987, 186191
What are the prime factors of 458780975?
5, 43, 426773
List the prime factors of 264351007.
264351007
What are the prime factors of 31281368?
2, 3910171
What are the prime factors of 2063536010?
2, 5, 206353601
List the prime factors of 60737025.
3, 5, 809827
What are the prime factors of 76062238?
2, 7, 5433017
What are the prime factors of 29780993?
11, 61, 44383
List the prime factors of 177927053.
177927053
List the prime factors of 50350955.
5, 10070191
What are the prime factors of 342459912?
2, 3, 43, 331841
List the prime factors of 55826490.
2, 3, 5, 53, 35111
List the prime factors of 15865928.
2, 13, 373, 409
What are the prime factors of 625365353?
89, 7026577
List the prime factors of 363808586.
2, 181904293
What are the prime factors of 707698774?
2, 29, 12201703
What are the prime factors of 66933017?
523, 127979
List the prime factors of 388800481.
31, 563, 22277
What are the prime factors of 549838889?
13967, 39367
List the prime factors of 42134296.
2, 17, 309811
What are the prime factors of 34160032?
2, 223, 4787
What are the prime factors of 415796417?
37, 97, 115853
List the prime factors of 2826255973.
14563, 194071
What are the prime factors of 817109324?
2, 79, 1447, 1787
List the prime factors of 27288297.
3, 3032033
List the prime factors of 11487988.
2, 17, 241, 701
What are the prime factors of 134919528?
2, 3, 251, 22397
List the prime factors of 35945105.
5, 7, 1027003
What are the prime factors of 582792688?
2, 36424543
What are the prime factors of 35716980?
2, 3, 5, 13, 29, 1579
What are the prime factors of 23152344?
2, 3, 113, 8537
What are the prime factors of 15844491?
3, 13, 41, 367
List the prime factors of 10207124.
2, 23, 110947
List the prime factors of 25030658.
2, 12515329
What are the prime factors of 1951323199?
7, 19, 14671603
What are the prime factors of 673766670?
2, 3, 5, 37, 606997
List the prime factors of 40624531.
2593, 15667
What are the prime factors of 5251018973?
17, 308883469
What are the prime factors of 724026748?
2, 89, 2033783
List the prime factors of 119306908.
2, 7, 499, 8539
What are the prime factors of 278359022?
2, 7211, 19301
List the prime factors of 112275727.
112275727
List the prime factors of 45852665.
5, 9170533
List the prime factors of 2708750463.
3, 163, 5539367
What are the prime factors of 3038110784?
2, 109, 397, 1097
What are the prime factors of 130875494?
2, 269, 243263
List the prime factors of 228778150.
2, 5, 4575563
What are the prime factors of 1860633752?
2, 241, 965059
List the prime factors of 218349374.
2, 241, 613, 739
What are the prime factors of 13646285?
5, 409, 6673
What are the prime factors of 321483038?
2, 29, 5542811
What are the prime factors of 2919114473?
11, 31, 778223
What are the prime factors of 97487467?
7, 11, 31, 40841
What are the prime factors of 2584686920?
2, 5, 523, 123551
What are the prime factors of 1963410826?
2, 13, 75515801
List the prime factors of 245427311.
11597, 21163
What are the prime factors of 83291974?
2, 443, 94009
List the prime factors of 158508602.
2, 7, 19, 79, 397
List the prime factors of 368341420.
2, 5, 479, 38449
List the prime factors of 310770924.
2, 3, 67, 83, 4657
List the prime factors of 69362165.
5, 13872433
What are the prime factors of 403551364?
2, 100887841
List the prime factors of 9472109.
9472109
What are the prime factors of 339996476?
2, 1619, 52501
What are the prime factors of 816446492?
2, 19, 10742717
List the prime factors of 28214036.
2, 59, 119551
What are the prime factors of 1233492793?
13, 94884061
What are the prime factors of 101459837?
157, 277, 2333
List the prime factors of 1379776581.
3, 163, 940543
List the prime factors of 79655289.
3, 7, 127, 29867
What are the prime factors of 21424711?
7, 11, 39749
List the prime factors of 22878433.
199, 114967
List the prime factors of 1492387133.
1492387133
List the prime factors of 47529759.
3, 757, 20929
List the prime factors of 61079533.
1031, 59243
List the prime factors of 56707820.
2, 5, 13, 218107
List the prime factors of 305922952.
2, 19, 105929
What are the prime factors of 423?
3, 47
List the prime factors of 9164308099.
17, 61, 8837327
List the prime factors of 27956082.
2, 3, 7, 11, 5501
List the prime factors of 515815273.
23, 277, 80963
List the prime factors of 3788660.
2, 5, 189433
List the prime factors of 98207765.
5, 137, 307, 467
List the prime factors of 261101238.
2, 3, 43516873
List the prime factors of 1182262570.
2, 5, 67, 101, 17471
List the prime factors of 1581514560.
2, 3, 5, 101, 5437
What are the prime factors of 13286432?
2, 415201
List the prime factors of 106542683.
13, 563, 14557
What are the prime factors of 302794706?
2, 211, 647, 1109
List the prime fac